9. List the prime factors of f.
13
Let q(n) = -n**2 - 6*n - 4. Let g = 4 - -3. Suppose -g*j = -2*j - 5, j - 5 = c. What are the prime factors of q(c)?
2
What are the prime factors of 7/2*60/35?
2, 3
Let h(v) = 0*v + 4*v + 2*v**2 + 16 - 12. Suppose 6 = 2*m - 4*t, -4*m = -2*m - 2*t. What are the prime factors of h(m)?
2, 5
Let b(v) = -v. Let l = -4 - -6. Let h be 2*l/(-2) + 0. List the prime factors of b(h).
2
Suppose -2*s - 2*r = -26, 4*r = 3*s - 0*s - 11. Let g(o) = o**2 - 36. Let w be g(0). What are the prime factors of (-440)/w + (-2)/s?
2, 3
Let a = -12 + 7. Let g be 2 + a - (0 + -7). Suppose -5*t + g*z = -3*t - 32, -60 = -5*t + 5*z. What are the prime factors of t?
2
Suppose d = 8 + 7. Suppose -2*k + d = k. List the prime factors of k.
5
Let t(z) = z**2 + 2*z - 3. Suppose 0*d - 4*d = 4*i + 28, -3*i - 4*d = 25. Let y be t(i). Suppose -2*h - 8 + 24 = y. What are the prime factors of h?
2
Let s(l) = -l**2 - 9*l - 10. Let f be s(-7). Suppose -3*h - 2*j = -0*j - 36, -f*h + 28 = -4*j. List the prime factors of h.
2, 5
Let i be ((-2)/5)/((-3)/15). Let j be (-2)/3 + (-42)/(-9). Suppose 40 = 5*c + j*w, c - 10 = 4*w - i. What are the prime factors of c?
2
Suppose 0 = 5*w + 1008 - 258. Let y = -105 - w. List the prime factors of y.
3, 5
Suppose -30 = -3*r - 3*b, r - 40 = -3*r - 3*b. List the prime factors of r.
2, 5
Let m be 1/(-4) + (-916)/(-16). Suppose -3*p + 37 = 2*l, -3*p - l + m = -4*l. What are the prime factors of p?
3, 5
Let j(y) be the first derivative of y**3/3 + 2*y**2 - 8*y - 1. Let s = -10 - -4. What are the prime factors of j(s)?
2
Let t be -3*(4 + 2 + -3). Let j(n) = -3*n + 3. List the prime factors of j(t).
2, 3, 5
Suppose -4*l - 274 + 977 = -3*r, -5*l + 3*r + 875 = 0. List the prime factors of l.
2, 43
Suppose 22 = 2*p - 12. Let o = p + 16. What are the prime factors of o?
3, 11
Let i = 673 + -396. What are the prime factors of i?
277
List the prime factors of (8/10)/((-2)/(-115)).
2, 23
Let o(q) = q + 2. Let j be o(-3). Let t(n) = n**3 - 6*n**2 + 5*n - 3. Let c be t(5). List the prime factors of (j + 0)*9/c.
3
What are the prime factors of -280*(3 + (-30)/8)?
2, 3, 5, 7
Let d(w) = 6*w**2 - 1. Suppose -5 + 2 = -k - 2*j, -9 = -3*k - 2*j. List the prime factors of d(k).
53
Let w(v) = v**3 - 3*v**2 + v + 1. Let i = -10 + 16. Let k be 1/(-3) + 20/i. What are the prime factors of w(k)?
2
Let o = -27 + 33. Let l(r) = -6*r + 6. Let m(a) = -a + 1. Let d(y) = l(y) - 8*m(y). What are the prime factors of d(o)?
2, 5
List the prime factors of 17 + -14 + (1 - -15).
19
Let p be 2 + 8/6*51. Let b = p - 22. List the prime factors of (-1)/3 + b/9.
5
Suppose -5*b - r = -2*r - 63, 0 = r - 2. What are the prime factors of b?
13
Let g(w) = w**3 + 5*w**2 + 6*w + 1. Let d be g(-4). Let i(z) = -z**3 - 6*z**2 + 7*z + 2. Let p be i(d). Suppose j - 9 = -p. What are the prime factors of j?
7
Let j be 0 - ((-8)/2 - -2). List the prime factors of (j/(-3))/((-2)/39).
13
Let l(i) = i**2 + 9*i + 3. Let u be l(-6). Let d = 29 + u. What are the prime factors of d?
2, 7
What are the prime factors of -2*(-60)/3 - 1?
3, 13
What are the prime factors of 8/(-28) + 1320/14?
2, 47
Let g be 3/3 - (-2)/1. Suppose g*p = 6 + 78. List the prime factors of p.
2, 7
Suppose -4 = -4*w + 4. Suppose 3*v - 5*g = v + 32, -5*g = w*v - 32. Let f = v - 2. What are the prime factors of f?
2, 7
Let r = 95 - 23. List the prime factors of r.
2, 3
Suppose -202 = -4*b - 2*u, -5*b - 2*u - 3*u + 265 = 0. Suppose 3*x = 6*x - b. List the prime factors of x.
2
Let l = 2 - 2. Suppose -2*g - 2*k + 42 - 14 = l, -5*k - 50 = -5*g. List the prime factors of g.
2, 3
What are the prime factors of (-4)/(-6) - (-1690)/39?
2, 11
Let m(h) = 7*h**2 + 3*h + 9. List the prime factors of m(-3).
3, 7
Let x be 0/1*(-1)/(-2). Suppose x*p - 2*p + 68 = -5*a, -3*p + 148 = 4*a. What are the prime factors of p?
2, 11
Let b be 4/6*45/(-5). Let k be 5/(-5)*b/2. Suppose -k*t = -t - 10. List the prime factors of t.
5
Let z(a) be the first derivative of 5*a**2 - 2*a - 2. What are the prime factors of z(3)?
2, 7
Suppose 300 = 6*t - t. List the prime factors of t.
2, 3, 5
Let g(t) = -t**2 + 6*t - 1. Let w be g(6). List the prime factors of 6*1/(-2)*w.
3
Suppose -2*p - 6 = 4. Let q = 1 - p. List the prime factors of q.
2, 3
List the prime factors of -12 - -10 - 4*-69.
2, 137
Let h be (-82)/(-1)*-1 + 4. List the prime factors of h*-1*3/9.
2, 13
Let q(g) = g**3 - 5*g**2 + 6*g - 4. Let c be q(6). Suppose 2*y = -2*o - 0*o + 40, y = -3*o + c. What are the prime factors of o?
2, 3
Let o(x) = -5*x**3 + 2*x - 1. Let s be o(1). Let y(l) be the second derivative of l**4/12 + l**3/6 + l**2 + 6*l. List the prime factors of y(s).
2, 7
Let o(a) = -a**2 - 5*a + 7. Let v be o(-6). Suppose -8 - v = -u. What are the prime factors of u?
3
Suppose -2*s + 123 = -3*h - 50, -3*s + 262 = -5*h. List the prime factors of s.
79
Let j be -2*(-1 - (-2)/(-4)). Suppose q + j*q = 4. List the prime factors of q/((-22)/(-20) - 1).
2, 5
Let a(x) = x - 5. Let l be a(4). Let i(c) be the third derivative of -13*c**4/24 - c**3/6 + 3*c**2. What are the prime factors of i(l)?
2, 3
Let d(v) be the third derivative of -1/15*v**6 - 1/60*v**5 + 0*v**3 + 2*v**2 + 0 + 0*v**4 + 0*v. List the prime factors of d(-1).
7
Suppose 3*k = 4*z - 8, -3*z - k = -1 - 5. Suppose 14 = z*f - 66. Let p = f + -27. What are the prime factors of p?
13
Suppose 0*u = -4*u - 8, f + 5*u + 16 = 0. What are the prime factors of (-128)/(-5) - f/15?
2, 13
Suppose 4*b - 14 = 10. What are the prime factors of b?
2, 3
Suppose 0 = -5*g - p + 4*p + 482, 2*p = -5*g + 487. What are the prime factors of g?
97
Suppose 5*c - 16 = -4*a, 0 = c - 4*a - 3 - 5. Suppose 3*u + c = 2*u + 5*r, 4*r + 21 = 3*u. Let q = 23 - u. List the prime factors of q.
2, 3
Let y = -193 - -479. What are the prime factors of y?
2, 11, 13
Let m(g) = -g - 4 + 0*g**3 + 9 + g**3. List the prime factors of m(0).
5
Let c be -1 - -2 - (2 - 3). Let y = 2 - c. Suppose y = -z + 5 + 4. What are the prime factors of z?
3
Let n(h) = -h. Let r be n(0). Let k be (-2*1 - r)/2. List the prime factors of (-14 + 0)*k/2.
7
Suppose 0 = -3*k - 2*k + 100. List the prime factors of k.
2, 5
List the prime factors of (530/(5/1))/2.
53
Let j(g) = 3*g**2 + 8*g + 18. What are the prime factors of j(-7)?
109
Suppose 4*g - 16 = -4*l, -4*g + 0*g + l + 21 = 0. Suppose -4*f = -g*u + 105, -3*f + 2*f = 5*u - 5. Let t = -2 - f. List the prime factors of t.
2, 3
List the prime factors of (-28)/(-1 + 2 - 3).
2, 7
Let c(m) = 2*m - 17. Let i be c(6). What are the prime factors of 38/((-4)/30*i)?
3, 19
Suppose -3*t - 5*n = -0*t + 131, 3*n - 147 = 3*t. What are the prime factors of 4/(-10) + t/(-5)?
3
Let m(o) = o**2 + 5*o. Let c = 4 - 10. Let h be m(c). Suppose -d + h = -8. List the prime factors of d.
2, 7
Suppose -536 = -3*k - 167. What are the prime factors of k?
3, 41
Suppose -3*k - 44 = -5*o, 29 - 5 = 3*o - 3*k. Let a = o + -7. What are the prime factors of a?
3
Let b = 6 + -2. Let y be (2/(-5))/(4/(-40)). Let v = y + b. What are the prime factors of v?
2
Let w = 0 - 2. Let v = 3 - w. Let d = v - -2. List the prime factors of d.
7
Let r(q) = q**3 + 8*q**2 - 10*q - 11. Let v be r(-9). List the prime factors of 10/(-4)*1*v.
5
Let x = 2 + -1. Let p = 3 - x. Suppose 3*k - p*k = 3. List the prime factors of k.
3
Let h(z) = z**2 - 5*z + 2. Let j be h(5). Suppose -j*x + 24 = -0*x. What are the prime factors of x?
2, 3
Suppose 14 = -u + 54. Let c = -19 + u. What are the prime factors of c?
3, 7
List the prime factors of 928/10 + (-4)/(-20).
3, 31
Suppose 4*f = -a - 7, -a + 4*a + 2*f + 1 = 0. What are the prime factors of (-20)/(-8) + a/2?
3
Let v = -26 - -17. Let g = v + 33. What are the prime factors of g?
2, 3
Let s(t) = t + 1. Let v be s(0). Let n be 5 - (4 - (3 - -4)). Let h = v + n. List the prime factors of h.
3
Let y be 0 + 33 - (-3 + 0). Suppose o = y - 2. What are the prime factors of o?
2, 17
Let r(h) = -3*h + 3. Let d be r(-6). Let u be 4/(-14) - (-615)/d. Let t = u - 18. List the prime factors of t.
11
Let u(v) be the second derivative of v**3/3 - v**2/2 - 3*v. Let n be u(3). Suppose -n*a + 5*p - 2 = -22, 2*a = -3*p + 28. List the prime factors of a.
2
Let a(x) = x**3 + 5*x**2 - 8*x - 3. Let z(r) be the first derivative of -r**3/3 + 3*r**2 - 6*r - 3. Let o be z(6). Wh